{"id":718,"date":"2023-01-11T14:46:12","date_gmt":"2023-01-11T13:46:12","guid":{"rendered":"https:\/\/golfshop-erlinghagen.com\/cms_2017\/?page_id=718"},"modified":"2023-01-12T14:58:35","modified_gmt":"2023-01-12T13:58:35","slug":"schlaeger-reparatur","status":"publish","type":"page","link":"https:\/\/golfshop-erlinghagen.com\/cms_2017\/schlaeger-reparatur\/","title":{"rendered":"Schl\u00e4ger Reparatur"},"content":{"rendered":"<div class=\"flex_column av_one_full  flex_column_div av-zero-column-padding first  \" style='border-radius:0px; '><section class=\"av_textblock_section \"  itemscope=\"itemscope\" itemtype=\"https:\/\/schema.org\/CreativeWork\" ><div class='avia_textblock  '   itemprop=\"text\" ><p style=\"text-align: center;\"><span style=\"font-size: 28px;\"><strong>Reparaturen und Service<\/strong><\/span><\/p>\n<p style=\"text-align: center;\"><span style=\"color: #000000; font-size: 20px;\">In unserer Werkstatt im Shop-H\u00f6sel k\u00f6nnen wir f\u00fcr Sie schnell und unkompliziert die meisten Reparaturen an Ihrer Ausr\u00fcstung durchf\u00fchren. Ohne gro\u00dfe Wartezeiten wechseln wir Ihre Griffe oder tauschen Ihre Spikes aus. Eine Vielzahl an unterschiedlichen Griffen liegt f\u00fcr Sie zur Auswahl bereit. Auch das Tausch oder Anpassen von Sch\u00e4ften ist kein Problem.<\/span><\/p>\n<p><span style=\"color: #000000;\"><strong>Unsere Leistungen:<\/strong><br \/>\n<\/span><\/p>\n<p><span style=\"color: #000000;\">Griffwechsel (eine Vielzahl von Griffen vorr\u00e4tig)<\/span><\/p>\n<p><span style=\"color: #000000;\">Schaft Verl\u00e4ngerung\/K\u00fcrzen<\/span><\/p>\n<p><span style=\"color: #000000;\">Verkleben loser Sch\u00e4fte<\/span><\/p>\n<p><span style=\"color: #000000;\">Schaftwechsel<\/span><\/p>\n<p><span style=\"color: #000000;\">Loft&amp;Lie anpassung<\/span><\/p>\n<p><span style=\"color: #000000;\">Individuelles Schl\u00e4ger Fitting<\/span><\/p>\n<p><span style=\"color: #000000;\">Team Logo-Bekleidung f\u00fcr Ihre Mannschaft<\/span><\/p>\n<p><span style=\"color: #000000;\">Elektrocaddy Inspektion oder Batteriewechsel<\/span><\/p>\n<p><span style=\"color: #000000;\">Demoschl\u00e4ger-Verleih<\/span><\/p>\n<p><span style=\"color: #000000;\">Versandservice zu Ihnen nach Hause<\/span><\/p>\n<table style=\"width: 86.85px;\">\n<tbody>\n<tr>\n<td style=\"width: 44px;\"><\/td>\n<\/tr>\n<tr>\n<td style=\"width: 44px;\"><\/td>\n<td style=\"width: 39.85px;\"><\/td>\n<\/tr>\n<\/tbody>\n<\/table>\n<\/div><\/section><\/div><div class=\"flex_column av_one_third  flex_column_div av-zero-column-padding first  \" style='border-radius:0px; '><section class=\"av_textblock_section \"  itemscope=\"itemscope\" itemtype=\"https:\/\/schema.org\/CreativeWork\" ><div class='avia_textblock  '   itemprop=\"text\" ><p style=\"text-align: left;\"><span style=\"font-size: 20px;\"><strong>Unsere Werkstattpreise:<\/strong><\/span><\/p>\n<ul>\n<li><span style=\"color: #000000;\">Griffwechsel &#8211; 5.-\u20ac (pro St\u00fcck)<\/span><\/li>\n<li><span style=\"color: #000000;\">Schaft ku\u0308rzen &#8211; 6.-\u20ac (pro St\u00fcck)<strong><br \/>\n<\/strong><\/span><\/li>\n<li><span style=\"color: #000000;\">Schaft verla\u0308ngern &#8211; 12.-\u20ac<strong><br \/>\n<\/strong><\/span><\/li>\n<li><span style=\"color: #000000;\">Schaft Einkleben &#8211; 20.-\u20ac<\/span><\/li>\n<li><span style=\"color: #000000;\">Schaft Wechseln &#8211; 25.-\u20ac<\/span><\/li>\n<li><span style=\"color: #000000;\">Griffwechsel (mir eigenem Griff) &#8211; 10.-\u20ac<\/span><\/li>\n<\/ul>\n<\/div><\/section><\/div><div class=\"flex_column av_one_third  flex_column_div av-zero-column-padding   \" style='border-radius:0px; '><section class=\"av_textblock_section \"  itemscope=\"itemscope\" itemtype=\"https:\/\/schema.org\/CreativeWork\" ><div class='avia_textblock  '   itemprop=\"text\" ><p><span style=\"font-size: 20px;\"><strong>Unsere Griff Preise:<\/strong><\/span><\/p>\n<ul>\n<li><span style=\"color: #000000;\">MCC Multicompound\u00a0 17,80\u20ac<\/span><\/li>\n<li><span style=\"color: #000000;\">MCC Multicompound Midsize\u00a0 18,70\u20ac<\/span><\/li>\n<li><span style=\"color: #000000;\">MCC Multicompound Align\u00a0 19,50\u20ac<\/span><\/li>\n<li><span style=\"color: #000000;\">MCC Multicompound Plus4\u00a0 17,80\u20ac<\/span><\/li>\n<li><span style=\"color: #000000;\">MCC Multicompound Plus4 Midsize \/Align \u00a0\u00a0\u00a0\u00a0\u00a0 18,70\/20,30\u20ac\u00a0<\/span><\/li>\n<li><span style=\"color: #000000;\">GP Tour Velvet \/TV 360\u00a0 \u00a0 9,50\u20ac<\/span><\/li>\n<li><span style=\"color: #000000;\">GP Tour Velvet Midsize\u00a0 10,20\u20ac\u00a0<\/span><\/li>\n<li><span style=\"color: #000000;\">GP Tour Velvet Jumbo\u00a0 10,80\u20ac<\/span><\/li>\n<li><span style=\"color: #000000;\">GP Tour Velvet Align\u00a0 15,80\u20ac\u00a0<\/span><\/li>\n<li><span style=\"color: #000000;\">GP Tour Velvet Plus4\u00a0 11,50\u20ac<\/span><\/li>\n<li><span style=\"color: #000000;\">Winn DriTec Herren\u00a0 11,90\u20ac<\/span><\/li>\n<li><span style=\"color: #000000;\">Winn DriTec Damen\u00a0 11,90\u20ac<\/span><\/li>\n<li><span style=\"color: #000000;\">Winn DriTec Midsize\u00a0 12,90\u20ac\u00a0<\/span><\/li>\n<li><span style=\"color: #000000;\">Winn DriTec Jumbo\u00a0 15,80\u20ac<\/span><\/li>\n<li><span style=\"color: #000000;\">Lamkin Crossline\u00a0 \u00a0 9,00\u20ac<\/span><\/li>\n<li><span style=\"color: #000000;\">Lamkin Crossline Midsize\u00a0 10,70\u20ac<\/span><\/li>\n<li><span style=\"color: #000000;\">Lamkin Arthritic Griff\u00a0 12,00\u20ac<\/span><\/li>\n<li><span style=\"color: #000000;\">Weitere Griffe\u00a0 Preis auf Anfrage<\/span><span style=\"color: #000000;\">\u00a0 *Griffe zzgl. 5.-\u20ac Montage pro Griff<\/span><\/li>\n<\/ul>\n<\/div><\/section><\/div><div class=\"flex_column av_one_third  flex_column_div av-zero-column-padding   \" style='border-radius:0px; '><section class=\"av_textblock_section \"  itemscope=\"itemscope\" itemtype=\"https:\/\/schema.org\/CreativeWork\" ><div class='avia_textblock  '   itemprop=\"text\" ><p><span style=\"font-size: 20px;\"><strong>Handlingspauschale &#8211; Reklamationen<\/strong><\/span><\/p>\n<p><span style=\"color: #000000;\">Wir bieten Ihnen als direkter Ansprechpartner vor Ort eine Vielzahl von Reparaturen und Reklamationen rund um Ihre Golfequipment an!<\/span><\/p>\n<p><span style=\"color: #000000;\"><strong>Trolleys: <\/strong><\/span><span style=\"color: #000000;\">E-Trolleys 50,-\u20ac, Trolleys 25,-\u20ac<\/span><\/p>\n<p><span style=\"color: #000000;\"><strong>Schl\u00e4ger: <\/strong><\/span><span style=\"color: #000000;\">Eisen, H\u00f6lzer, Putter 25,-\u20ac<\/span><\/p>\n<p><span style=\"color: #000000;\"><strong>Technik: <\/strong><\/span><span style=\"color: #000000;\">GPS Ger\u00e4te, Laser Ger\u00e4te 25,-\u20ac<\/span><\/p>\n<p><span style=\"color: #000000;\"><strong>Bags: <\/strong><\/span><span style=\"color: #000000;\">Carrybags, Cartbags, Travelcover 25,-\u20ac<\/span><\/p>\n<p><span style=\"color: #000000;\"><strong>Schuhe:<\/strong> 25,-\u20ac<\/span><\/p>\n<p><span style=\"color: #000000;\">Bei allen Preisen handelt es sich um vorgegebene Handlings-Pauschalen, welche im Reklamationsfall vom Kunden zu bezahlen sind und lediglich bei <strong><u>nicht<\/u><\/strong> im Golfshop-Erlinghagen erworbener Ware erhoben werden!<\/span><\/p>\n<\/div><\/section><\/div><div class=\"flex_column av_one_full  flex_column_div av-zero-column-padding first  \" style='border-radius:0px; '><div class='avia-image-container  av-styling-    avia-align-center '  itemprop=\"ImageObject\" itemscope=\"itemscope\" itemtype=\"https:\/\/schema.org\/ImageObject\"  ><div class='avia-image-container-inner'><div class='avia-image-overlay-wrap'><img class='avia_image ' src='https:\/\/golfshop-erlinghagen.com\/cms_2017\/wp-content\/uploads\/2023\/01\/CPx-1070.jpg' alt='' title='CPx-1070' height=\"350\"width=\"1070\"  itemprop=\"thumbnailUrl\"  \/><\/div><\/div><\/div><\/div><\/p>\n","protected":false},"excerpt":{"rendered":"","protected":false},"author":1,"featured_media":0,"parent":0,"menu_order":0,"comment_status":"closed","ping_status":"closed","template":"","meta":[],"_links":{"self":[{"href":"https:\/\/golfshop-erlinghagen.com\/cms_2017\/wp-json\/wp\/v2\/pages\/718"}],"collection":[{"href":"https:\/\/golfshop-erlinghagen.com\/cms_2017\/wp-json\/wp\/v2\/pages"}],"about":[{"href":"https:\/\/golfshop-erlinghagen.com\/cms_2017\/wp-json\/wp\/v2\/types\/page"}],"author":[{"embeddable":true,"href":"https:\/\/golfshop-erlinghagen.com\/cms_2017\/wp-json\/wp\/v2\/users\/1"}],"replies":[{"embeddable":true,"href":"https:\/\/golfshop-erlinghagen.com\/cms_2017\/wp-json\/wp\/v2\/comments?post=718"}],"version-history":[{"count":5,"href":"https:\/\/golfshop-erlinghagen.com\/cms_2017\/wp-json\/wp\/v2\/pages\/718\/revisions"}],"predecessor-version":[{"id":742,"href":"https:\/\/golfshop-erlinghagen.com\/cms_2017\/wp-json\/wp\/v2\/pages\/718\/revisions\/742"}],"wp:attachment":[{"href":"https:\/\/golfshop-erlinghagen.com\/cms_2017\/wp-json\/wp\/v2\/media?parent=718"}],"curies":[{"name":"wp","href":"https:\/\/api.w.org\/{rel}","templated":true}]}}